*2 + 5*x - 13. Let d(p) = 5*o(p) + 4*u(p). Give d(f).
8
Let y(a) = -42*a**2 - 285*a - 129. Let r(h) = -5*h**2 - 35*h - 16. Let z(o) = -33*r(o) + 4*y(o). Determine z(6).
-6
Let r be (0 + 0)/(-1 + 15 + (-1292)/76). Suppose 0 = 2*h - 5*p - 9, -7*h + 3*h + 7 = p. Let w(b) = 3*b**h - 2*b**2 + 10 + 2*b - 3*b. Calculate w(r).
10
Let x(a) = 5604*a + 1646 - 1586 - 5609*a. What is x(12)?
0
Suppose -71 = -5*q - 66. Let g(r) = 48*r + 43*r - q - 92*r. Determine g(-7).
6
Let t(b) be the third derivative of -b**5/30 - 25*b**4/24 + 9*b**3 - b**2 - 2*b + 4000. Calculate t(-14).
12
Let x(z) = -20*z - 1058. Let f be x(-52). Let r(p) = p + 22. Give r(f).
4
Suppose 0 = 8*m - 1350 - 506. Let q(g) = -g**2 + 33 + m*g - 224*g - 28. Give q(10).
-15
Suppose n - 497 = 5*u - 21, 3*n - 84 = u. Let p = u + 99. Let s(t) = -t. Give s(p).
-3
Suppose 2*i = 5*i - 39. Suppose s = i*s. Let u(o) = -o**3 + o**2 - o - 1. What is u(s)?
-1
Let j(d) be the second derivative of -1/24*d**4 + 0 + 23*d + 4*d**2 + 7/6*d**3. Let l(n) be the first derivative of j(n). Determine l(7).
0
Suppose -41*o - 4*o - 193 - 77 = 0. Let u(r) = -r**2 - 3*r + 3. Calculate u(o).
-15
Suppose 13 - 5 = -2*r. Suppose -4*b - 401 = -413. Let y(u) = 11*u**2 + 3*u**3 - 9*u**2 - 4*u + 5*u**3 - 7*u**b. Calculate y(r).
-16
Let w(b) be the second derivative of -b**5/20 - 11*b**4/6 + 25*b**3/3 + 14*b**2 - 14*b + 123. Calculate w(-24).
-20
Let t(u) = u**2 + 5*u + 12. Let s be t(-4). Let b(n) = 15*n - 7 - 36*n + n**2 + s + 31*n. Give b(-7).
-20
Suppose -6 = -m - 3*y - 2, -2*m = y - 13. Suppose 0*x - x = -6. Let j(i) = -2*i**2 - x*i**2 + 10*i + 6*i**2 - 2. What is j(m)?
-30
Let g(r) = -r**2 - 7*r - 6. Let o(f) = -11*f**2 + 4*f + 18. Let b be o(9). Let j be 1*((-2)/3)/(18/b). Suppose -4*c = j - 11. Calculate g(c).
4
Let z(u) = -8*u - 505*u**2 - 1 + 122*u**2 + 124*u**2 + 142*u**2 + 0 + 116*u**2. Suppose 3*r - 2*b + 17 = 0, -b = 2*r - 5*b + 6. Let x = r - -1. What is z(x)?
11
Suppose -8*x + 7*x = 1. Let q(p) = -53*p**2 + 1 + 105*p**2 + p - 7*p**3 - 52*p**2. Calculate q(x).
7
Let r(d) be the third derivative of 0*d - 1/60*d**5 - d**2 + 0 - d**3 - 1/6*d**4. Determine r(-7).
-27
Let k(p) = p**3 - 9*p**2 - 5*p + 7. Let t(y) = 2*y**3 - 19*y**2 - 10*y + 14. Let c(f) = 5*k(f) - 2*t(f). Calculate c(7).
-28
Let t(h) = h**3 - 3*h**2 - 10*h - 3. Let v be 2*(-350)/(-84)*6/10. Determine t(v).
-3
Let a(o) be the second derivative of -o**7/840 + o**6/60 + 5*o**4/24 + 22*o**3/3 + o**2/2 - 13*o - 7. Let z(w) be the second derivative of a(w). Calculate z(6).
5
Suppose -f - 3*y + 79 = 0, -f + 27 + 52 = 5*y. Let q = f + -75. Let m(h) = h**2 - 6*h + 7 - 2 + 2*h. Give m(q).
5
Let r(d) = -2*d**2 + d + 3. Let t(g) = -g**2 + 1. Let h(w) = r(w) - 4*t(w). Let a = -154 - -152. Calculate h(a).
5
Let z = 184 + -178. Let b(l) = -15*l**3 + 6*l**2 + 6. Let n(p) = -2*p**3 + p**2 + 1. Let c(u) = z*n(u) - b(u). Determine c(-2).
-24
Let n(f) = f**3 - f**2 - 3*f + 2. Let g be -3 + (-1278)/12 - (-2)/(-4). Let i = 114 + g. Give n(i).
38
Let c(p) = 9*p + 3. Let h(b) = -5*b - 2. Let q(m) = 6*c(m) + 10*h(m). Let d(g) = 668*g - 10026. Let l be d(15). Give q(l).
-26
Suppose 3013*t - 3002*t = -11. Let s(o) = -4*o - 8. Give s(t).
-4
Let q(g) = 3*g**3 + 2*g**2 - 8*g + 34. Let j(s) = 2*s**3 - 2*s**2 - s + 21. Let m(y) = j(y) - q(y). Determine m(-7).
85
Let n(s) = s**2 - 12*s + 13. Let k = -423 - -241. Let q = -171 - k. Calculate n(q).
2
Let c = -14985 - -14957. Let r(p) = -6*p - 173. Calculate r(c).
-5
Let r(b) = b**2 + 6*b + 3. Let i(x) = 10*x - 70. Let t be i(7). Suppose -6*j - 3*j - 36 = t. What is r(j)?
-5
Let d(s) be the third derivative of -7*s**5/120 + s**4/3 + 14*s**3 - 2*s**2 - 27. Let h(y) be the first derivative of d(y). Determine h(6).
-34
Suppose 3*w - 4*m = -100 + 96, 4*w + 1 = m. Let v(a) be the third derivative of -7/6*a**3 + 4*a**2 + 1/24*a**4 + w + 0*a. Calculate v(9).
2
Let d(l) = -78420*l**2 + 2*l**3 - 5 - 78421*l**2 + 10*l + 156824*l**2. Give d(8).
11
Let a(p) = -p**2 + 8*p + 2. Let q be a(8). Suppose 2*x + x + 3*d = -6, 0 = -2*x + q*d + 4. Let m(w) = x - 8*w - 1 + 4 + w**2 + 2. What is m(7)?
-2
Suppose 23*j - 36 = -609 - 2. Let n(h) = 11*h + 270. What is n(j)?
-5
Let f(u) be the third derivative of u**5/30 - 9*u**4/8 + u**3 + 1311*u**2. Determine f(13).
-7
Let v be 2/(1 + 1)*7. Let w be (3/(-7))/((-11)/77). Let s(x) = 11*x**2 - w*x**2 - 2 - v*x**2. Give s(2).
2
Suppose 10*l - 34 = 8*l + 5*g, 0 = -2*l + 4*g + 30. Let o(s) be the third derivative of s**6/120 - s**5/10 - s**4/3 - 3*s**3/2 - 9*s**2. Give o(l).
-16
Let v be 2/(-12) - (-50)/12. Let j(s) = s**2 - 8*s + 14. Let a be j(6). Let r(b) = -7*b**2 + 17*b**a + 3 - 11*b**2 + 3*b. Calculate r(v).
-1
Let q(x) = -13*x - 84. Let n(l) = -1. Let z(s) = -2*n(s) + q(s). What is z(-6)?
-4
Let h(c) be the third derivative of -c**6/120 + c**5/6 - 7*c**4/8 + 19*c**3/3 + 2604*c**2. Give h(8).
-2
Let l(s) be the third derivative of -s**6/120 + 7*s**5/60 + s**4/3 + 3*s**3/2 + 2*s**2. Suppose -40 = -51*q + 46*q. What is l(q)?
9
Let b be 5 - (24/(-30) - 27/(-15)). Suppose 3*v + b = 2*m, m = 3*v - 4*m - 8. Let c(w) = 3*w + 7. Determine c(v).
-5
Let t(i) = -2699*i**2 - 1 - 2706*i**2 + 8111*i**2 + 4 - 2705*i**2 - 8*i. Suppose 12 = 2*p - 2*r, -r = 4*p - 4*r - 24. What is t(p)?
-9
Let i(c) = -22*c**3 + 64*c**2 + 161*c - 97. Let b(p) = -5*p**3 + 16*p**2 + 40*p - 24. Let l(s) = 9*b(s) - 2*i(s). What is l(18)?
14
Let x(c) = -2*c - 14. Let j(i) = 7*i + 56. Let s(r) = -j(r) - 4*x(r). Give s(-5).
-5
Let i(v) = -3*v**3 + 5*v**2 - 10*v - 1. Let j be 22/12 - (6/(-6))/((-66)/(-11)). Give i(j).
-25
Suppose 2*p + 1029 = -d + 988, -21 = 2*p + 5*d. Let y(t) = t**3 + 24*t**2 + 12*t - 256. Give y(p).
-3
Let o(f) = -f - 12. Let w(z) = z - 1. Suppose 2 = -5*j + 6*j. Suppose -6*l + j = -10. Let y(v) = l*w(v) - o(v). What is y(-8)?
-14
Let s(q) = 13*q + 371. Let l(f) = 38*f + 1328. Let g(n) = 2*l(n) - 7*s(n). What is g(7)?
-46
Let i(h) = -h**2 + h - 5. Suppose -7*a + 376 = 180. Let g be (-7)/a*-4 + (3 - -1). Calculate i(g).
-25
Let x(t) = -2*t**3 + 19*t**2 + 9*t + 12. Let r = 12252 + -12242. Give x(r).
2
Let b(g) = -45*g**2 + 2*g - 7. Let l(c) = 67*c**2 - 3*c + 10. Let z(f) = -7*b(f) - 5*l(f). Let t be (3 - 215/20)*-4*2. Let u = 63 - t. Calculate z(u).
-20
Let c = -143 + 143. Suppose g = -j + 7, c = -g - 0*g - 5*j + 15. Suppose -120 = g*o - 90. Let z(k) = k**2 + 6*k + 1. Give z(o).
1
Let v(k) = -7 + 5*k + 0*k - 3*k. Let d(u) = -6*u + 71. Let h(f) = 2. Let r(g) = d(g) + 3*h(g). Let i be r(12). What is v(i)?
3
Let m(b) = b**3 - 26*b**2 - 26*b - 27. Let f(i) = i**2 - 31*i - 239. Let x be f(38). What is m(x)?
0
Let x(v) = -11*v - 4*v - 15 + 10*v + 103. Calculate x(23).
-27
Let y be (-24)/(-48) - (-14)/(-4). Let j = 126 + -122. Let p(o) = 2 - 1 + 2 - j*o + 3*o. Calculate p(y).
6
Let a(f) = f**2 - 4*f + 2. Let b be a(-2). Let m(q) = 28*q - 4*q**2 - b*q - q**3 - 16*q. Suppose -i + n - 11 = 4*i, 4*i = -3*n - 24. Determine m(i).
-3
Let k(b) = -6*b + 2*b - 5*b - 2 + b**2. Let d = -641 - -892. Suppose 247*z - d*z + 28 = 0. Give k(z).
-16
Let h(q) be the third derivative of -q**6/120 + 2*q**5/15 + 5*q**4/4 + 25*q**3/6 + 1726*q**2. Give h(11).
-8
Let q(k) be the first derivative of -k**4/2 + 10*k**3 - 4*k + 426. Give q(15).
-4
Let z(r) = -r - 3. Suppose 2*h = -2*w + 4, -3*h + w + 2*w + 30 = 0. Suppose -1 - 17 = -h*n. Suppose -n*a + 16 = 34. What is z(a)?
3
Let v(z) = -z**2 - 4*z + 6. Let a(r) = 18*r + 36. Let q be a(1). Suppose q = -3*t + 36. Give v(t).
-6
Let j(s) = 3*s**2 + 119*s - 156. Let y be j(-41). Let q(i) = i**2 - 13*i + 12. Give q(y).
-28
Suppose -7 = 3*p - 5*s, 11*p + 3*s = 12*p + 5. Let r(b) = 29*b + 1. Determine r(p).
30
Let a(q) = -q**3 + 16*q**2 - 15*q - 15. Suppose 313*g - 9*g = 4560. Give a(g).
-15
Let d(g) = -g**3 - g**2 - g + 8. Suppose -9*r + 12*r = -4*u + 12, -4*u = -4*r - 40. Determine d(r).
60
Let q(o) be the third derivative of -o**5/60 + 5*o**4/24 - 2*o**3/3 + o**2 - 2*o. Let y = -11 - -20. Suppose -2*f - f = -y. Calculate q(f).
2
Suppose -11*f + 4 = -29. Suppose 0 = 2*h + 3*u + 27, -2*h = h - f*u + 18. Let k(m) = -m**3 - 8*m**2 + 8*m + 7. Give k(h).
16
Let h(r) = -r**2 - 9*r - 11. Let m be h(-5). Let x(u) be the third derivative of u**4/24 - 13*u**3/6 + 2*u**2 - 937. Give x(m).
-4
Suppose -42 + 22 = 7*n + 29. Let j(q) = -q**2 -